[INFO] cloning repository https://github.com/golddranks/test_futures_await_error_chain_derive
[INFO] running `Command { std: "git" "-c" "credential.helper=" "-c" "credential.helper=/workspace/cargo-home/bin/git-credential-null" "clone" "--bare" "https://github.com/golddranks/test_futures_await_error_chain_derive" "/workspace/cache/git-repos/https%3A%2F%2Fgithub.com%2Fgolddranks%2Ftest_futures_await_error_chain_derive", kill_on_drop: false }`
[INFO] [stderr] Cloning into bare repository '/workspace/cache/git-repos/https%3A%2F%2Fgithub.com%2Fgolddranks%2Ftest_futures_await_error_chain_derive'...
[INFO] running `Command { std: "git" "rev-parse" "HEAD", kill_on_drop: false }`
[INFO] [stdout] 80c50859186ae034fd389cf2110581019d484857
[INFO] checking golddranks/test_futures_await_error_chain_derive against master#af3c6e733a40e671550e0f0f5aeecaa13772ba56 for pr-74989
[INFO] running `Command { std: "git" "clone" "/workspace/cache/git-repos/https%3A%2F%2Fgithub.com%2Fgolddranks%2Ftest_futures_await_error_chain_derive" "/workspace/builds/worker-9/source", kill_on_drop: false }`
[INFO] [stderr] Cloning into '/workspace/builds/worker-9/source'...
[INFO] [stderr] done.
[INFO] validating manifest of git repo https://github.com/golddranks/test_futures_await_error_chain_derive on toolchain af3c6e733a40e671550e0f0f5aeecaa13772ba56
[INFO] running `Command { std: "/workspace/cargo-home/bin/cargo" "+af3c6e733a40e671550e0f0f5aeecaa13772ba56" "read-manifest" "--manifest-path" "Cargo.toml", kill_on_drop: false }`
[INFO] started tweaking git repo https://github.com/golddranks/test_futures_await_error_chain_derive
[INFO] finished tweaking git repo https://github.com/golddranks/test_futures_await_error_chain_derive
[INFO] tweaked toml for git repo https://github.com/golddranks/test_futures_await_error_chain_derive written to /workspace/builds/worker-9/source/Cargo.toml
[INFO] crate git repo https://github.com/golddranks/test_futures_await_error_chain_derive already has a lockfile, it will not be regenerated
[INFO] running `Command { std: "/workspace/cargo-home/bin/cargo" "+af3c6e733a40e671550e0f0f5aeecaa13772ba56" "fetch" "--locked" "--manifest-path" "Cargo.toml", kill_on_drop: false }`
[INFO] running `Command { std: "docker" "create" "-v" "/var/lib/crater-agent-workspace/builds/worker-9/target:/opt/rustwide/target:rw,Z" "-v" "/var/lib/crater-agent-workspace/builds/worker-9/source:/opt/rustwide/workdir:ro,Z" "-v" "/var/lib/crater-agent-workspace/cargo-home:/opt/rustwide/cargo-home:ro,Z" "-v" "/var/lib/crater-agent-workspace/rustup-home:/opt/rustwide/rustup-home:ro,Z" "-e" "SOURCE_DIR=/opt/rustwide/workdir" "-e" "CARGO_TARGET_DIR=/opt/rustwide/target" "-e" "CARGO_HOME=/opt/rustwide/cargo-home" "-e" "RUSTUP_HOME=/opt/rustwide/rustup-home" "-w" "/opt/rustwide/workdir" "-m" "1610612736" "--user" "0:0" "--network" "none" "rustops/crates-build-env@sha256:d92eaeed33fa75130ca1ee6c8a01d1ffb62bac859dfdfb3450e3e5d1c0146529" "/opt/rustwide/cargo-home/bin/cargo" "+af3c6e733a40e671550e0f0f5aeecaa13772ba56" "metadata" "--no-deps" "--format-version=1", kill_on_drop: false }`
[INFO] [stdout] 188445feac9ce566dee4b6d8401100742c1ec55743a3eb066915c48f5f1edb3b
[INFO] [stderr] WARNING: Your kernel does not support swap limit capabilities or the cgroup is not mounted. Memory limited without swap.
[INFO] running `Command { std: "docker" "start" "-a" "188445feac9ce566dee4b6d8401100742c1ec55743a3eb066915c48f5f1edb3b", kill_on_drop: false }`
[INFO] running `Command { std: "docker" "inspect" "188445feac9ce566dee4b6d8401100742c1ec55743a3eb066915c48f5f1edb3b", kill_on_drop: false }`
[INFO] running `Command { std: "docker" "rm" "-f" "188445feac9ce566dee4b6d8401100742c1ec55743a3eb066915c48f5f1edb3b", kill_on_drop: false }`
[INFO] [stdout] 188445feac9ce566dee4b6d8401100742c1ec55743a3eb066915c48f5f1edb3b
[INFO] running `Command { std: "docker" "create" "-v" "/var/lib/crater-agent-workspace/builds/worker-9/target:/opt/rustwide/target:rw,Z" "-v" "/var/lib/crater-agent-workspace/builds/worker-9/source:/opt/rustwide/workdir:ro,Z" "-v" "/var/lib/crater-agent-workspace/cargo-home:/opt/rustwide/cargo-home:ro,Z" "-v" "/var/lib/crater-agent-workspace/rustup-home:/opt/rustwide/rustup-home:ro,Z" "-e" "SOURCE_DIR=/opt/rustwide/workdir" "-e" "CARGO_TARGET_DIR=/opt/rustwide/target" "-e" "CARGO_INCREMENTAL=0" "-e" "RUST_BACKTRACE=full" "-e" "RUSTFLAGS=--cap-lints=forbid" "-e" "CARGO_HOME=/opt/rustwide/cargo-home" "-e" "RUSTUP_HOME=/opt/rustwide/rustup-home" "-w" "/opt/rustwide/workdir" "-m" "1610612736" "--user" "0:0" "--network" "none" "rustops/crates-build-env@sha256:d92eaeed33fa75130ca1ee6c8a01d1ffb62bac859dfdfb3450e3e5d1c0146529" "/opt/rustwide/cargo-home/bin/cargo" "+af3c6e733a40e671550e0f0f5aeecaa13772ba56" "check" "--frozen" "--all" "--all-targets" "--message-format=json", kill_on_drop: false }`
[INFO] [stdout] 44850b6ae6ac74ffe4279ef883dcaa6e96f40b6e29a151b5bf7ffe95037e93c0
[INFO] [stderr] WARNING: Your kernel does not support swap limit capabilities or the cgroup is not mounted. Memory limited without swap.
[INFO] running `Command { std: "docker" "start" "-a" "44850b6ae6ac74ffe4279ef883dcaa6e96f40b6e29a151b5bf7ffe95037e93c0", kill_on_drop: false }`
[INFO] [stderr]    Compiling cc v1.0.10
[INFO] [stderr]     Checking void v1.0.2
[INFO] [stderr]     Checking lazy_static v1.0.0
[INFO] [stderr]     Checking cfg-if v0.1.2
[INFO] [stderr]     Checking utf8-ranges v1.0.0
[INFO] [stderr]     Checking futures-await-await-macro v0.1.1
[INFO] [stderr]    Compiling proc-macro2 v0.3.6
[INFO] [stderr]    Compiling syntex_fmt_macros v0.5.0
[INFO] [stderr]     Checking regex-syntax v0.5.5
[INFO] [stderr]     Checking memchr v2.0.1
[INFO] [stdout] error[E0433]: failed to resolve: could not find `Op` in `proc_macro`
[INFO] [stdout]   --> /opt/rustwide/cargo-home/registry/src/github.com-1ecc6299db9ec823/proc-macro2-0.3.6/src/unstable.rs:72:42
[INFO] [stdout]    |
[INFO] [stdout] 72 |                 let mut op = proc_macro::Op::new(tt.op(), spacing);
[INFO] [stdout]    |                                          ^^ not found in `proc_macro`
[INFO] [stdout]    |
[INFO] [stdout] help: consider importing this struct
[INFO] [stdout]    |
[INFO] [stdout] 3  | use Op;
[INFO] [stdout]    |
[INFO] [stdout] 
[INFO] [stdout] 
[INFO] [stdout] error[E0412]: cannot find type `Term` in crate `proc_macro`
[INFO] [stdout]    --> /opt/rustwide/cargo-home/registry/src/github.com-1ecc6299db9ec823/proc-macro2-0.3.6/src/unstable.rs:273:23
[INFO] [stdout]     |
[INFO] [stdout] 273 |     term: proc_macro::Term,
[INFO] [stdout]     |                       ^^^^ not found in `proc_macro`
[INFO] [stdout]     |
[INFO] [stdout] help: consider importing this struct
[INFO] [stdout]     |
[INFO] [stdout] 3   | use Term;
[INFO] [stdout]     |
[INFO] [stdout] 
[INFO] [stdout] 
[INFO] [stdout] error[E0433]: failed to resolve: could not find `Term` in `proc_macro`
[INFO] [stdout]    --> /opt/rustwide/cargo-home/registry/src/github.com-1ecc6299db9ec823/proc-macro2-0.3.6/src/unstable.rs:279:31
[INFO] [stdout]     |
[INFO] [stdout] 279 |             term: proc_macro::Term::new(string, span.0),
[INFO] [stdout]     |                               ^^^^ not found in `proc_macro`
[INFO] [stdout]     |
[INFO] [stdout] help: consider importing this struct
[INFO] [stdout]     |
[INFO] [stdout] 3   | use Term;
[INFO] [stdout]     |
[INFO] [stdout] 
[INFO] [stdout] 
[INFO] [stdout] error[E0658]: use of unstable library feature 'proc_macro_span'
[INFO] [stdout]    --> /opt/rustwide/cargo-home/registry/src/github.com-1ecc6299db9ec823/proc-macro2-0.3.6/src/unstable.rs:177:23
[INFO] [stdout]     |
[INFO] [stdout] 177 | pub struct SourceFile(proc_macro::SourceFile, FileName);
[INFO] [stdout]     |                       ^^^^^^^^^^^^^^^^^^^^^^
[INFO] [stdout]     |
[INFO] [stdout]     = note: see issue #54725 <https://github.com/rust-lang/rust/issues/54725> for more information
[INFO] [stdout]     = help: add `#![feature(proc_macro_span)]` to the crate attributes to enable
[INFO] [stdout] 
[INFO] [stdout] 
[INFO] [stdout] error[E0658]: use of unstable library feature 'proc_macro_span'
[INFO] [stdout]    --> /opt/rustwide/cargo-home/registry/src/github.com-1ecc6299db9ec823/proc-macro2-0.3.6/src/unstable.rs:180:16
[INFO] [stdout]     |
[INFO] [stdout] 180 |     fn new(sf: proc_macro::SourceFile) -> Self {
[INFO] [stdout]     |                ^^^^^^^^^^^^^^^^^^^^^^
[INFO] [stdout]     |
[INFO] [stdout]     = note: see issue #54725 <https://github.com/rust-lang/rust/issues/54725> for more information
[INFO] [stdout]     = help: add `#![feature(proc_macro_span)]` to the crate attributes to enable
[INFO] [stdout] 
[INFO] [stdout] 
[INFO] [stdout] error[E0658]: use of unstable library feature 'proc_macro_span'
[INFO] [stdout]    --> /opt/rustwide/cargo-home/registry/src/github.com-1ecc6299db9ec823/proc-macro2-0.3.6/src/unstable.rs:247:13
[INFO] [stdout]     |
[INFO] [stdout] 247 |         let proc_macro::LineColumn { line, column } = self.0.start();
[INFO] [stdout]     |             ^^^^^^^^^^^^^^^^^^^^^^
[INFO] [stdout]     |
[INFO] [stdout]     = note: see issue #54725 <https://github.com/rust-lang/rust/issues/54725> for more information
[INFO] [stdout]     = help: add `#![feature(proc_macro_span)]` to the crate attributes to enable
[INFO] [stdout] 
[INFO] [stdout] 
[INFO] [stdout] error[E0658]: use of unstable library feature 'proc_macro_span'
[INFO] [stdout]    --> /opt/rustwide/cargo-home/registry/src/github.com-1ecc6299db9ec823/proc-macro2-0.3.6/src/unstable.rs:252:13
[INFO] [stdout]     |
[INFO] [stdout] 252 |         let proc_macro::LineColumn { line, column } = self.0.end();
[INFO] [stdout]     |             ^^^^^^^^^^^^^^^^^^^^^^
[INFO] [stdout]     |
[INFO] [stdout]     = note: see issue #54725 <https://github.com/rust-lang/rust/issues/54725> for more information
[INFO] [stdout]     = help: add `#![feature(proc_macro_span)]` to the crate attributes to enable
[INFO] [stdout] 
[INFO] [stdout] 
[INFO] [stderr]     Checking unreachable v1.0.0
[INFO] [stderr]     Checking aho-corasick v0.6.4
[INFO] [stderr]     Checking thread_local v0.3.5
[INFO] [stdout] error[E0599]: no function or associated item named `empty` found for struct `proc_macro::TokenStream` in the current scope
[INFO] [stdout]   --> /opt/rustwide/cargo-home/registry/src/github.com-1ecc6299db9ec823/proc-macro2-0.3.6/src/unstable.rs:18:46
[INFO] [stdout]    |
[INFO] [stdout] 18 |         TokenStream(proc_macro::TokenStream::empty())
[INFO] [stdout]    |                                              ^^^^^ function or associated item not found in `proc_macro::TokenStream`
[INFO] [stdout] 
[INFO] [stdout] 
[INFO] [stdout] error[E0599]: no variant or associated item named `Op` found for enum `proc_macro::TokenTree` in the current scope
[INFO] [stdout]    --> /opt/rustwide/cargo-home/registry/src/github.com-1ecc6299db9ec823/proc-macro2-0.3.6/src/unstable.rs:132:36
[INFO] [stdout]     |
[INFO] [stdout] 132 |             proc_macro::TokenTree::Op(tt) => {
[INFO] [stdout]     |                                    ^^ variant or associated item not found in `proc_macro::TokenTree`
[INFO] [stdout] 
[INFO] [stdout] 
[INFO] [stdout] error[E0599]: no variant or associated item named `Term` found for enum `proc_macro::TokenTree` in the current scope
[INFO] [stdout]    --> /opt/rustwide/cargo-home/registry/src/github.com-1ecc6299db9ec823/proc-macro2-0.3.6/src/unstable.rs:141:36
[INFO] [stdout]     |
[INFO] [stdout] 141 |             proc_macro::TokenTree::Term(s) => {
[INFO] [stdout]     |                                    ^^^^ variant or associated item not found in `proc_macro::TokenTree`
[INFO] [stdout] 
[INFO] [stdout] 
[INFO] [stdout] error[E0658]: use of unstable library feature 'proc_macro_span'
[INFO] [stdout]    --> /opt/rustwide/cargo-home/registry/src/github.com-1ecc6299db9ec823/proc-macro2-0.3.6/src/unstable.rs:181:36
[INFO] [stdout]     |
[INFO] [stdout] 181 |         let filename = FileName(sf.path().to_string());
[INFO] [stdout]     |                                    ^^^^
[INFO] [stdout]     |
[INFO] [stdout]     = note: see issue #54725 <https://github.com/rust-lang/rust/issues/54725> for more information
[INFO] [stdout]     = help: add `#![feature(proc_macro_span)]` to the crate attributes to enable
[INFO] [stdout] 
[INFO] [stdout] 
[INFO] [stdout] error[E0599]: no method named `to_string` found for struct `PathBuf` in the current scope
[INFO] [stdout]     --> /opt/rustwide/cargo-home/registry/src/github.com-1ecc6299db9ec823/proc-macro2-0.3.6/src/unstable.rs:181:43
[INFO] [stdout]      |
[INFO] [stdout] 181  |           let filename = FileName(sf.path().to_string());
[INFO] [stdout]      |                                             ^^^^^^^^^ help: there is an associated function with a similar name: `to_str`
[INFO] [stdout]      |
[INFO] [stdout]      = note: the method `to_string` exists but the following trait bounds were not satisfied:
[INFO] [stdout]              `PathBuf: std::fmt::Display`
[INFO] [stdout]              which is required by `PathBuf: ToString`
[INFO] [stdout]              `Path: std::fmt::Display`
[INFO] [stdout]              which is required by `Path: ToString`
[INFO] [stdout] 
[INFO] [stdout] 
[INFO] [stdout] error[E0658]: use of unstable library feature 'proc_macro_span'
[INFO] [stdout]    --> /opt/rustwide/cargo-home/registry/src/github.com-1ecc6299db9ec823/proc-macro2-0.3.6/src/unstable.rs:191:16
[INFO] [stdout]     |
[INFO] [stdout] 191 |         self.0.is_real()
[INFO] [stdout]     |                ^^^^^^^
[INFO] [stdout]     |
[INFO] [stdout]     = note: see issue #54725 <https://github.com/rust-lang/rust/issues/54725> for more information
[INFO] [stdout]     = help: add `#![feature(proc_macro_span)]` to the crate attributes to enable
[INFO] [stdout] 
[INFO] [stdout] 
[INFO] [stdout] error[E0658]: use of unstable library feature 'proc_macro_def_site'
[INFO] [stdout]    --> /opt/rustwide/cargo-home/registry/src/github.com-1ecc6299db9ec823/proc-macro2-0.3.6/src/unstable.rs:227:14
[INFO] [stdout]     |
[INFO] [stdout] 227 |         Span(proc_macro::Span::def_site())
[INFO] [stdout]     |              ^^^^^^^^^^^^^^^^^^^^^^^^^^
[INFO] [stdout]     |
[INFO] [stdout]     = note: see issue #54724 <https://github.com/rust-lang/rust/issues/54724> for more information
[INFO] [stdout]     = help: add `#![feature(proc_macro_def_site)]` to the crate attributes to enable
[INFO] [stdout] 
[INFO] [stdout] 
[INFO] [stdout] error[E0658]: use of unstable library feature 'proc_macro_span'
[INFO] [stdout]    --> /opt/rustwide/cargo-home/registry/src/github.com-1ecc6299db9ec823/proc-macro2-0.3.6/src/unstable.rs:243:32
[INFO] [stdout]     |
[INFO] [stdout] 243 |         SourceFile::new(self.0.source_file())
[INFO] [stdout]     |                                ^^^^^^^^^^^
[INFO] [stdout]     |
[INFO] [stdout]     = note: see issue #54725 <https://github.com/rust-lang/rust/issues/54725> for more information
[INFO] [stdout]     = help: add `#![feature(proc_macro_span)]` to the crate attributes to enable
[INFO] [stdout] 
[INFO] [stdout] 
[INFO] [stdout] error[E0658]: use of unstable library feature 'proc_macro_span'
[INFO] [stdout]    --> /opt/rustwide/cargo-home/registry/src/github.com-1ecc6299db9ec823/proc-macro2-0.3.6/src/unstable.rs:247:62
[INFO] [stdout]     |
[INFO] [stdout] 247 |         let proc_macro::LineColumn { line, column } = self.0.start();
[INFO] [stdout]     |                                                              ^^^^^
[INFO] [stdout]     |
[INFO] [stdout]     = note: see issue #54725 <https://github.com/rust-lang/rust/issues/54725> for more information
[INFO] [stdout]     = help: add `#![feature(proc_macro_span)]` to the crate attributes to enable
[INFO] [stdout] 
[INFO] [stdout] 
[INFO] [stdout] error[E0658]: use of unstable library feature 'proc_macro_span'
[INFO] [stdout]    --> /opt/rustwide/cargo-home/registry/src/github.com-1ecc6299db9ec823/proc-macro2-0.3.6/src/unstable.rs:247:38
[INFO] [stdout]     |
[INFO] [stdout] 247 |         let proc_macro::LineColumn { line, column } = self.0.start();
[INFO] [stdout]     |                                      ^^^^
[INFO] [stdout]     |
[INFO] [stdout]     = note: see issue #54725 <https://github.com/rust-lang/rust/issues/54725> for more information
[INFO] [stdout]     = help: add `#![feature(proc_macro_span)]` to the crate attributes to enable
[INFO] [stdout] 
[INFO] [stdout] 
[INFO] [stdout] error[E0658]: use of unstable library feature 'proc_macro_span'
[INFO] [stdout]    --> /opt/rustwide/cargo-home/registry/src/github.com-1ecc6299db9ec823/proc-macro2-0.3.6/src/unstable.rs:247:44
[INFO] [stdout]     |
[INFO] [stdout] 247 |         let proc_macro::LineColumn { line, column } = self.0.start();
[INFO] [stdout]     |                                            ^^^^^^
[INFO] [stdout]     |
[INFO] [stdout]     = note: see issue #54725 <https://github.com/rust-lang/rust/issues/54725> for more information
[INFO] [stdout]     = help: add `#![feature(proc_macro_span)]` to the crate attributes to enable
[INFO] [stdout] 
[INFO] [stdout] 
[INFO] [stdout] error[E0658]: use of unstable library feature 'proc_macro_span'
[INFO] [stdout]    --> /opt/rustwide/cargo-home/registry/src/github.com-1ecc6299db9ec823/proc-macro2-0.3.6/src/unstable.rs:252:62
[INFO] [stdout]     |
[INFO] [stdout] 252 |         let proc_macro::LineColumn { line, column } = self.0.end();
[INFO] [stdout]     |                                                              ^^^
[INFO] [stdout]     |
[INFO] [stdout]     = note: see issue #54725 <https://github.com/rust-lang/rust/issues/54725> for more information
[INFO] [stdout]     = help: add `#![feature(proc_macro_span)]` to the crate attributes to enable
[INFO] [stdout] 
[INFO] [stdout] 
[INFO] [stdout] error[E0658]: use of unstable library feature 'proc_macro_span'
[INFO] [stdout]    --> /opt/rustwide/cargo-home/registry/src/github.com-1ecc6299db9ec823/proc-macro2-0.3.6/src/unstable.rs:252:38
[INFO] [stdout]     |
[INFO] [stdout] 252 |         let proc_macro::LineColumn { line, column } = self.0.end();
[INFO] [stdout]     |                                      ^^^^
[INFO] [stdout]     |
[INFO] [stdout]     = note: see issue #54725 <https://github.com/rust-lang/rust/issues/54725> for more information
[INFO] [stdout]     = help: add `#![feature(proc_macro_span)]` to the crate attributes to enable
[INFO] [stdout] 
[INFO] [stdout] 
[INFO] [stdout] error[E0658]: use of unstable library feature 'proc_macro_span'
[INFO] [stdout]    --> /opt/rustwide/cargo-home/registry/src/github.com-1ecc6299db9ec823/proc-macro2-0.3.6/src/unstable.rs:252:44
[INFO] [stdout]     |
[INFO] [stdout] 252 |         let proc_macro::LineColumn { line, column } = self.0.end();
[INFO] [stdout]     |                                            ^^^^^^
[INFO] [stdout]     |
[INFO] [stdout]     = note: see issue #54725 <https://github.com/rust-lang/rust/issues/54725> for more information
[INFO] [stdout]     = help: add `#![feature(proc_macro_span)]` to the crate attributes to enable
[INFO] [stdout] 
[INFO] [stdout] 
[INFO] [stdout] error[E0658]: use of unstable library feature 'proc_macro_span'
[INFO] [stdout]    --> /opt/rustwide/cargo-home/registry/src/github.com-1ecc6299db9ec823/proc-macro2-0.3.6/src/unstable.rs:257:16
[INFO] [stdout]     |
[INFO] [stdout] 257 |         self.0.join(other.0).map(Span)
[INFO] [stdout]     |                ^^^^
[INFO] [stdout]     |
[INFO] [stdout]     = note: see issue #54725 <https://github.com/rust-lang/rust/issues/54725> for more information
[INFO] [stdout]     = help: add `#![feature(proc_macro_span)]` to the crate attributes to enable
[INFO] [stdout] 
[INFO] [stdout] 
[INFO] [stdout] error[E0658]: use of unstable library feature 'proc_macro_span'
[INFO] [stdout]    --> /opt/rustwide/cargo-home/registry/src/github.com-1ecc6299db9ec823/proc-macro2-0.3.6/src/unstable.rs:261:16
[INFO] [stdout]     |
[INFO] [stdout] 261 |         self.0.eq(&other.0)
[INFO] [stdout]     |                ^^
[INFO] [stdout]     |
[INFO] [stdout]     = note: see issue #54725 <https://github.com/rust-lang/rust/issues/54725> for more information
[INFO] [stdout]     = help: add `#![feature(proc_macro_span)]` to the crate attributes to enable
[INFO] [stdout] 
[INFO] [stdout] 
[INFO] [stdout] error: aborting due to 23 previous errors
[INFO] [stdout] 
[INFO] [stdout] 
[INFO] [stdout] Some errors have detailed explanations: E0412, E0433, E0599, E0658.
[INFO] [stdout] 
[INFO] [stdout] For more information about an error, try `rustc --explain E0412`.
[INFO] [stdout] 
[INFO] [stderr] error: could not compile `proc-macro2`.
[INFO] [stderr] 
[INFO] [stderr] To learn more, run the command again with --verbose.
[INFO] [stderr] warning: build failed, waiting for other jobs to finish...
[INFO] [stderr] error: build failed
[INFO] running `Command { std: "docker" "inspect" "44850b6ae6ac74ffe4279ef883dcaa6e96f40b6e29a151b5bf7ffe95037e93c0", kill_on_drop: false }`
[INFO] running `Command { std: "docker" "rm" "-f" "44850b6ae6ac74ffe4279ef883dcaa6e96f40b6e29a151b5bf7ffe95037e93c0", kill_on_drop: false }`
[INFO] [stdout] 44850b6ae6ac74ffe4279ef883dcaa6e96f40b6e29a151b5bf7ffe95037e93c0
